be the first derivative of u + 2 + k*u**2. Give i(3).
4
Let m(a) = a**3 - a**2 - 3*a + 3. Let u(r) = 5*r**3 - r**2 + r - 1. Let s be u(1). Suppose 0 = -3*p + p + j + 6, 4*j = -s*p. Give m(p).
1
Let x(r) = -r**2 - 5*r - 3. Suppose -z = 2*q - 0*q + 9, -5*z - 13 = 2*q. Determine x(q).
1
Suppose -2*h - 1 = -g - 0*h, -5*g - 4*h - 37 = 0. Let d(l) = -5*l**2 + 2*l + 1 + 6*l**2 - 5 + 2*l. Determine d(g).
1
Let s(q) be the first derivative of 3*q**2/2 - 7*q - 1. Let h(v) = -2*v + 3. Let m(o) = -5*h(o) - 3*s(o). Calculate m(-4).
2
Let r(l) be the first derivative of -l**2/2 - 4*l - 2. What is r(-5)?
1
Let w(j) be the first derivative of -j**3/3 - j**2/2 + 9*j + 6. Give w(0).
9
Let q(p) = -p**3 - p**2 - 3 + 0*p + 4*p + 0. Let g = -224 + 226. Calculate q(g).
-7
Suppose 3*s - 13 = 2*n, s + 3*n - 6 = 4*n. Let m(u) = -3*u - s - u**2 + 4*u + 11*u**2. Let q be (1 + 0)/1 - 0. Determine m(q).
10
Let z(v) = -3*v - 20. Let s(n) = n + 7. Let b(f) = 11*s(f) + 4*z(f). Let j be b(-4). Let g(i) = -4*i - 1. Calculate g(j).
-5
Let j(f) = -f**2 + 4*f - 8. Let b be j(3). Let m(v) = -2*v - 20. Let c(d) = -d - 10. Let q = 4 - -1. Let h(l) = q*c(l) - 3*m(l). What is h(b)?
5
Let k(d) be the first derivative of 1/3*d**3 - d - 3 - 3/2*d**2. Let r(p) be the first derivative of k(p). Give r(2).
1
Let j(h) be the first derivative of h**2/2 + 4*h + 14. Give j(-3).
1
Let o(b) = -5 - 3*b + 0 + 2*b. Give o(-8).
3
Let i be 29/9 - 2/9. Let f = 6 - i. Suppose -2*j - 3*u + 14 = 0, 0*j = -3*j + f*u - 9. Let m(n) = 9*n**3 - n. Give m(j).
8
Let u be (-1)/(-1) + (1 - -1). Let q(w) = -6*w**2 + 5*w - 4. Let d(g) = 3 - 4*g + 2*g + 5*g**2 - 2*g. Let p(b) = u*q(b) + 4*d(b). Calculate p(2).
6
Suppose -5*h + 9 + 6 = 0. Suppose -7 = 2*q + h. Let t(k) = 2 - 2*k - 2*k + 1 + k**3 + 4*k**2 - 1. Give t(q).
-3
Let x(n) = 3 + 17*n**2 - 40*n**2 + 22*n**2 - 2*n. What is x(-3)?
0
Let g(m) be the first derivative of m**4/4 - 5*m**3/3 - 9*m**2/2 + 3*m - 18. Determine g(6).
-15
Let m(v) = v + 3. Let o = 6 - -2. Let i be 4/o*-2 + -5. Determine m(i).
-3
Let w(v) be the first derivative of -v**4/8 - 2*v**3/3 + 3*v**2/2 + 3. Let q(m) be the second derivative of w(m). Determine q(-4).
8
Let z(f) = -f**3 - 5*f**2 + 7*f + 9. Let n = -14 + 24. Suppose -4*b = -3*p + 20 + n, 2*b + 14 = p. Give z(b).
3
Let m(t) be the second derivative of -t**4/12 + t**3/6 - 3*t**2 - 8*t. Determine m(0).
-6
Let j(o) = 2*o**2 + 7*o - 8. Let n(y) be the first derivative of y**3/3 + 3*y**2/2 - 4*y - 3. Let u(r) = 6*j(r) - 13*n(r). What is u(5)?
-6
Suppose 5*h + 45 = 2*d + 2*d, 5*h + 50 = 5*d. Let u(n) = -20*n**3 - 3 + 0 + 19*n**3 + 2*n - 4*n**2. Calculate u(h).
12
Let m(h) = 0*h**2 - h**2 - 3*h + 2*h**2 + 3 + 1. What is m(4)?
8
Let x(h) = -2*h**3 - 13*h**2 + 8*h + 7. Let k be x(-7). Let f(d) = 3*d - 3*d + k*d + 5*d - d**2. Calculate f(4).
4
Let r(q) = 17 + 26 - 30 - q. Give r(10).
3
Let j = -9 + 9. Suppose 4*r - 7 - 17 = j. Let i(g) = g**2 - 6*g - 4. Calculate i(r).
-4
Let r(s) = s - 9. Let z = 11 + -10. Suppose -z - 3 = -x. Calculate r(x).
-5
Let j(f) = f**3 + f**2 - 3*f - 2. Suppose 2*s = -5*k - 22 + 3, -s - k - 5 = 0. Determine j(s).
0
Let x be 3 + ((-385)/12)/11. Let t(a) be the third derivative of -1/120*a**6 - a**2 + 0*a - 1/15*a**5 - x*a**4 - 1/3*a**3 + 0. Give t(-4).
6
Suppose 0 = -7*x + 21. Let w(z) be the third derivative of 2*z**2 + 5/6*z**x + 0*z + 1/24*z**4 + 0. What is w(-3)?
2
Let u(a) = a**3 + 4*a**2 - 4*a - 5. Let n be (-7)/(70/4)*25. Let t be (-2)/(36/n - -4). Calculate u(t).
-10
Let q(c) be the second derivative of c**4/6 - c**3/3 - c**2 + 15*c. Suppose v + 0*v = 2. Determine q(v).
2
Let o(m) = 2*m**3 - 3*m**2 - 9*m + 8. Let q be -2 - 1*(-3 - 1). Let c(t) = -t**3 + t**2 + 4*t - 4. Let p(u) = q*o(u) + 5*c(u). Give p(-3).
8
Let y = 11 + -17. Let h(w) = 58 + 52 - 6*w - 105 - w**2. Determine h(y).
5
Let f(p) be the third derivative of -3*p**2 - 1/12*p**4 + 0*p + 0 + 1/3*p**3. What is f(2)?
-2
Let x = -43 - -44. Let v = 5 + 0. Let z(s) = -s**2 - s - 1. Let g(q) = 6*q**2 + 3*q + 6. Let h(l) = v*z(l) + x*g(l). Give h(2).
1
Let b(o) be the first derivative of -o**4/4 - o**3/3 - 3*o - 4. Let l = -5 + 5. Give b(l).
-3
Let p = -3 - -8. Suppose -6*f - p = -f. Let o be (f - -1)/(-7 + 6). Let x(c) = c**3 - 5. Determine x(o).
-5
Let l(k) = k**3 + 4*k**2 + 3*k + 1. Let u = 15 - 17. Determine l(u).
3
Let m be (-28)/4*(-6)/(-7). Let s(v) = -v**2 - 8*v - 1. Determine s(m).
11
Let p(i) = i**2 + i. Let h(y) = -5*y**2 - 10*y - 7. Let o(k) = -h(k) - 6*p(k). Calculate o(6).
-5
Let t(r) be the first derivative of -r**3/3 + r + 10. Determine t(-3).
-8
Let s(c) be the first derivative of -c**4/4 - 7*c**3/3 - 7*c**2/2 + 10. Calculate s(-6).
6
Suppose -q = -0*q. Let x be q/(-1) - (-6)/(-6). Let k(h) be the first derivative of -10*h**3/3 - h**2 - h + 1. What is k(x)?
-9
Let s(g) = -g**2 - 3*g + 1. Let u(c) = c**3 - 4*c**2 - 12*c - 5. Let d be u(6). Determine s(d).
-9
Let w be ((-1)/(-3))/((-7)/(-42)). Suppose w = -f + 3*f. Suppose -4*l = z - f, 2*l = -2*z - 2*l - 2. Let i(y) = y**2 + 4*y - 2. Calculate i(z).
-5
Let m(z) = 3 - 14*z - 3 - 3 + 16*z. Let u be m(4). Let t(o) = 3*o - 5. Give t(u).
10
Let c be (-1 - 15/(-12))*4. Let p(k) = -12*k**2 + k. What is p(c)?
-11
Let p(t) = -4*t**2 + 2*t - 1. Suppose -5*n + 19 = 2*v, -3*v + n = -0*v - 3. Suppose v*g - 6 + 17 = 5*x, 2*x - 2*g - 8 = 0. Give p(x).
-3
Let w(q) = -2*q - q + 5*q - 4*q + 3. Let g be w(4). Let n(o) be the third derivative of o**6/120 + o**5/10 + 5*o**4/24 + 7*o**3/6 + 2*o**2. Calculate n(g).
7
Suppose 3 - 30 = -9*o. Let a(q) = 2*q - 4. Calculate a(o).
2
Suppose 3*o + 12 = 5*q, 4*o + o = -2*q - 20. Suppose -4*d + 7 = -1. Let a(t) = t**2 - 2*t - 5 + d*t - t. Calculate a(q).
-5
Suppose 9*l + 32 = -31. Let f(r) = 4*r + 8. What is f(l)?
-20
Suppose -5*a + 118 = 48. Suppose -2*y + 0 = -4*t - 20, 0 = 2*t - 3*y + a. Let i(v) = 2*v - v**3 + v - 3*v**2 - 19 + 0*v**2 + 17. Calculate i(t).
2
Let y = -5 - 3. Let b be y/12 - 14/(-3). Let a(z) = 2*z + 8. Let v(i) = -i - 4. Let f(t) = 4*a(t) + 7*v(t). Calculate f(b).
8
Let a(n) be the third derivative of n**5/60 - n**4/24 + 2*n**3/3 + 2*n**2. Give a(0).
4
Let j be 0/((6/2)/(-3)). Suppose -4*o + 17 = -b, -b - 4*o + 23 = -j*o. Let w(r) = 0*r + b - 1 + r. What is w(-3)?
-1
Let o(a) = -6*a + 3. Let l(u) = -5 - 3*u**2 + 5*u**2 + 2*u**2 + u**3 - 7*u. Let q be l(-5). Suppose 3*b - 5*v + 14 = 0, -2*b + 3*v - q = 3. Determine o(b).
-9
Let w be ((-20)/(-16))/5*28. Let r = 13 - w. Let a(g) = g**3 - 7*g**2 + 6*g - 1. Determine a(r).
-1
Let b = 10 + -7. Suppose -s - b*s = 0. Let r(j) be the third derivative of -j**5/60 + 4*j**3/3 + 13*j**2. Calculate r(s).
8
Let w(a) = a + 2. Let n be (-2)/5 - (2 - (-24)/(-10)). Determine w(n).
2
Suppose 0 = 3*y + 17 - 2. Let v = 9 + y. Let x(a) = 3*a**3 + a**2 - 3*a + 9. Let b(s) = 4*s**3 - 2*s + 10. Let q(g) = -4*b(g) + 5*x(g). Calculate q(v).
-7
Let c = -6 + 1. Let f(x) = 0 + 51*x + x**2 + 1 - 47*x. Determine f(c).
6
Let t(l) = l**3 - 7*l**2 + 4*l + 8. Suppose -3*u - u = -24. Determine t(u).
-4
Let g = 6 - 3. Suppose -g*y = -y. Let n(z) = z - 2 - 2 + 5. Determine n(y).
1
Let h = 13 - 13. Let x(n) = -n + 3. What is x(h)?
3
Let d(z) = 4 + 10*z**2 - 3*z + z**3 - 19*z**2 + 12*z**2. Let u = -3 - 1. Calculate d(u).
0
Let w(k) = -9*k**3 + 11*k**2 - 9*k + 5. Let h(f) = 5*f**3 - 6*f**2 + 5*f - 2. Let i(l) = -11*h(l) - 6*w(l). Calculate i(0).
-8
Let p(t) = t**2 + 10*t. Let h be p(-10). Let w(b) = -b + 2. Calculate w(h).
2
Let k(p) be the first derivative of p**3/3 + 11*p - 14. Determine k(0).
11
Let g(f) = -f + 6. Suppose -5*i + 0 + 15 = 0. Suppose -2*l = i*l - 30. Calculate g(l).
0
Let c(j) = 20*j. Let b(x) = 11*x. Let y(p) = -11*b(p) + 6*c(p). What is y(4)?
-4
Let y(t) = -2*t**2 + 10 + 2*t + t**3 - 10 + 7*t**2. Let g be (-4)/(-6)*18/4. Suppose 5*o + 12 = 4*b + g, -2*b - 13 = o. Give y(b).
8
Let g(d) = d**3 + 4*d**2 + 4*d + 4. Suppose -1 = 2*y + 5. Let n be (-1)/y - 20/6. What is g(n)?
1
Suppose -28 = 2*f - 20. Suppose 0 = 4*d - 11 + 3. Let x(p) = -3*p - 1 + 4*p + d. Determine x(f).
-3
Suppose -15 = 4*r - r. Let j(d) be the second derivative of d**3/6 + 2*d**2 + 6*d - 16. What is j(r)?
-1
Let i(j) = -j**3 - j + 6. Let o be i(0). Let d(n) = -n**3 + 7*n**2 - 6*n - 1. Give d(o).
-1
Let i(g) be the first derivative of -3*g + 1/4*g**4 + 1/2*g**2 